{"id":29708,"date":"2021-10-04T15:23:32","date_gmt":"2021-10-04T13:23:32","guid":{"rendered":"https:\/\/www.tendrel.ch\/programm\/meditation\/"},"modified":"2026-01-06T11:17:18","modified_gmt":"2026-01-06T10:17:18","slug":"meditation","status":"publish","type":"page","link":"https:\/\/www.tendrel.ch\/de\/programm\/meditation\/","title":{"rendered":"Meditation"},"content":{"rendered":"<p>[et_pb_section fb_built=&#8220;1&#8243; admin_label=&#8220;Header&#8220; _builder_version=&#8220;4.16&#8243; _module_preset=&#8220;default&#8220; background_image=&#8220;https:\/\/www.tendrel.ch\/wp-content\/uploads\/2021\/04\/Tendrel-Bienne-Do-Nga-Cho\u0308ling-IMG_0398_1-scaled.jpg&#8220; custom_padding=&#8220;||0px||false|false&#8220; global_colors_info=&#8220;{}&#8220;][et_pb_row _builder_version=&#8220;4.16&#8243; _module_preset=&#8220;default&#8220; global_colors_info=&#8220;{}&#8220;][et_pb_column type=&#8220;4_4&#8243; _builder_version=&#8220;4.16&#8243; _module_preset=&#8220;default&#8220; global_colors_info=&#8220;{}&#8220;][et_pb_divider show_divider=&#8220;off&#8220; _builder_version=&#8220;4.16&#8243; _module_preset=&#8220;default&#8220; global_colors_info=&#8220;{}&#8220;][\/et_pb_divider][\/et_pb_column][\/et_pb_row][et_pb_row column_structure=&#8220;1_4,3_4&#8243; _builder_version=&#8220;4.16&#8243; _module_preset=&#8220;default&#8220; custom_margin=&#8220;||||false|false&#8220; custom_padding=&#8220;||0px||false|false&#8220; global_colors_info=&#8220;{}&#8220;][et_pb_column type=&#8220;1_4&#8243; _builder_version=&#8220;4.16&#8243; _module_preset=&#8220;default&#8220; global_colors_info=&#8220;{}&#8220;][\/et_pb_column][et_pb_column type=&#8220;3_4&#8243; _builder_version=&#8220;4.16&#8243; _module_preset=&#8220;default&#8220; global_colors_info=&#8220;{}&#8220;][et_pb_post_title meta=&#8220;off&#8220; featured_image=&#8220;off&#8220; _builder_version=&#8220;4.16&#8243; _module_preset=&#8220;default&#8220; title_text_color=&#8220;#FFFFFF&#8220; background_color=&#8220;#CC9933&#8243; custom_padding=&#8220;50px|50px|50px|50px|true|true&#8220; global_colors_info=&#8220;{}&#8220;][\/et_pb_post_title][\/et_pb_column][\/et_pb_row][\/et_pb_section][et_pb_section fb_built=&#8220;1&#8243; admin_label=&#8220;CTA&#8220; _builder_version=&#8220;4.16&#8243; _module_preset=&#8220;default&#8220; background_enable_color=&#8220;off&#8220; background_enable_image=&#8220;off&#8220; background_size=&#8220;contain&#8220; locked=&#8220;off&#8220; global_colors_info=&#8220;{}&#8220;][et_pb_row disabled_on=&#8220;off|off|off&#8220; _builder_version=&#8220;4.16&#8243; _module_preset=&#8220;default&#8220; global_colors_info=&#8220;{}&#8220;][et_pb_column type=&#8220;4_4&#8243; _builder_version=&#8220;4.16&#8243; _module_preset=&#8220;default&#8220; global_colors_info=&#8220;{}&#8220;][et_pb_text _builder_version=&#8220;4.17.2&#8243; _module_preset=&#8220;default&#8220; global_colors_info=&#8220;{}&#8220;]<\/p>\n<p style=\"text-align: center;\">Die Meditationen richten sich an Personen, die am Buddhismus interessiert sind, und auch an Personen, die Meditation in einem neutralen Kontext wie Achtsamkeit und mbsr lernen m\u00f6chten.<\/p>\n<p>[\/et_pb_text][et_pb_accordion closed_toggle_text_color=&#8220;#FFFFFF&#8220; closed_toggle_background_color=&#8220;#81013F&#8220; icon_color=&#8220;#FFFFFF&#8220; use_icon_font_size=&#8220;on&#8220; _builder_version=&#8220;4.20.4&#8243; _module_preset=&#8220;default&#8220; toggle_text_color=&#8220;#81013F&#8220; toggle_font=&#8220;|600|||||||&#8220; global_colors_info=&#8220;{}&#8220;][et_pb_accordion_item title=&#8220;MEDITATION &#038; N\u00d6NDRO&#8220; open=&#8220;on&#8220; _builder_version=&#8220;4.18.1&#8243; _module_preset=&#8220;default&#8220; global_colors_info=&#8220;{}&#8220;]<\/p>\n<p><strong>Silvia Engel<br \/><\/strong><\/p>\n<p><strong>Mittwoch, 19:00 &#8211; 20:30 Uhr<\/strong><\/p>\n<p><strong>Alle zwei Wochen &#8211; 13-27.01 \/ 10-24.02 \/ 10-24.03<\/strong><\/p>\n<p><strong><\/strong><\/p>\n<h3>Ablauf :<\/h3>\n<ul>\n<li>Achtsamkeits Meditation (<a href=\"https:\/\/www.tendrel.ch\/de\/news\/shamatha-und-vipassana\/\">Shamatha und Vipassana<\/a>), der <span>Neun-Stufenweg<\/span>.<\/li>\n<li>Meditation und Lehren des Buddha (<a href=\"https:\/\/www.tendrel.ch\/de\/news\/4-edle-wahrheiten\/\">4 Edle Wahrheiten, Achtfacher Pfad<\/a>).<\/li>\n<li>Yidam Meditation <span>(Prajna Paramita. Vajrasattva, Dorje Gothrab,\u2026).<\/span><\/li>\n<\/ul>\n<p>[\/et_pb_accordion_item][et_pb_accordion_item title=&#8220;DIE 5 ELEMENTE  Spiegel unserer Kommunikation und Beziehung zur Welt&#8220; _builder_version=&#8220;4.18.0&#8243; _module_preset=&#8220;default&#8220; global_colors_info=&#8220;{}&#8220; open=&#8220;off&#8220;]<\/p>\n<p>Alte Kulturen wussten um die elementaren und planetarischen Kr\u00e4fte und der Wirkungsweise der 5 Elemente &#8211; Erde, Wasser, Feuer, Luft und Raum. Diese Energien interagieren in uns selbst und in unserer Beziehung zu anderen. Sie k\u00f6nnen harmonisch und ausgeglichen sein, aber auch aus dem Gleichgewicht geraten und unser Empfinden verzerren.<\/p>\n<p>Indem wir uns ihre Art zu wirken bewusst machen, lernen wir uns selbst besser kennen, handeln ges\u00fcnder, im Einklang mit unserer Natur und den Situationen unseres Lebens.<\/p>\n<p>Im Grunde ist es ganz einfach: Wir achten vermehrt auf den gegenw\u00e4rtigen Augenblick, nehmen unsere tieferen Gef\u00fchle achtsam wahr und bleiben dabei zentriert in unserer Mitte.<\/p>\n<p>Gef\u00fchrte Meditationen und \u00dcbungen helfen uns, die neuen Erfahrungen zu integrieren.<\/p>\n<p>Zus\u00e4tzlich besteht die M\u00f6glichkeit eines individuellen astrologischen Coachings.<\/p>\n<p>&nbsp;<\/p>\n<p><strong>Ort: Espace Akasa, Untergasse 45, Biel<\/strong><\/p>\n<p><strong>Daten: Datum folgt<\/strong><br \/>5X freitagabends, alle 14 Tage<\/p>\n<p><strong>Zeit: 19:00 bis 21:00 Uhr<\/strong><\/p>\n<p><strong>Kosten: CHF 175.-<\/strong><strong> <\/strong><\/p>\n<p><strong>Kursleitung: Silvia Engel,<\/strong> diplomiert in MBSR (mindfulness based stress reduction), langj\u00e4hrige Meditationserfahrung in Achtsamkeits &#8211; und buddhistischer Meditation, astrologisches und spirituelles Coaching<\/p>\n<p>Tel: 079 926 57 06<br \/>Email: silviaengel@bluewin.ch<\/p>\n<p>&nbsp;<\/p>\n<p>[\/et_pb_accordion_item][et_pb_accordion_item title=&#8220;MBSR (MINDFULNESS BASED STRESS REDUCTION)&#8220; _builder_version=&#8220;4.20.4&#8243; _module_preset=&#8220;default&#8220; global_colors_info=&#8220;{}&#8220; open=&#8220;off&#8220;]<\/p>\n<div id=\"cc-m-7709897664\" class=\"j-module n j-header \">\n<h3 class=\"\" id=\"cc-m-header-7709897664\"><strong style=\"font-size: 16px;\">Silvia Engel<\/strong><\/h3>\n<\/div>\n<div id=\"cc-m-7703425264\" class=\"j-module n j-text \">\n<p><strong>8-w\u00f6chiger Kurs<\/strong><\/p>\n<p>Termine: auf Anfrage<\/p>\n<p>&nbsp;<\/p>\n<p>MBRS (Mindfulness Based Stress Reduction) nach Dr. Kabat-Zinn, ist ein Programm, das auf Achtsamkeit beruht. Ihr therapeutisches Ziel ist der Abbau von Stress und die Bew\u00e4ltigung von Symptomen (Angst, Schmerzen, Depressionen, M\u00fcdigkeit, &#8230;). Durch die Atmung und verschiedene K\u00f6rper\u00fcbungen finden wir zu innerer Ruhe, was die \u00d6ffnung des Herzens in einer wohlwollenden Akzeptanz erm\u00f6glicht.<\/p>\n<p>&nbsp;<\/p>\n<p><strong>Kosten<\/strong><\/p>\n<p>620 CHF inklusive eines ganzen Tages (Datum wird noch bekannt gegeben) und Kursmaterial<\/p>\n<p><strong>Anmeldungen und Informationen per E-Mail<\/strong><\/p>\n<p><a href=\"mailto:info@tendrel.ch\" title=\"info@tendrel.ch\">info@tendrel.ch<\/a><br \/><a href=\"tel:032%20322%2018%2028\">032 322 18 28<\/a><\/p>\n<p><a href=\"https:\/\/tendrel.ed-com.ch\/wp-content\/uploads\/2022\/05\/Tendrel-MBSR_A5_web.pdf\" target=\"_blank\" rel=\"noopener\"><img loading=\"lazy\" decoding=\"async\" src=\"https:\/\/tendrel.ed-com.ch\/wp-content\/uploads\/2022\/05\/Tendrel-Bienne-MBSR_Page_2-722x1024.png\" width=\"258\" height=\"366\" alt=\"\" class=\"wp-image-29340 alignnone size-large\" style=\"display: block; margin-left: auto; margin-right: auto;\" \/><\/a><\/p>\n<\/div>\n<p>[\/et_pb_accordion_item][\/et_pb_accordion][\/et_pb_column][\/et_pb_row][\/et_pb_section]<\/p>\n","protected":false},"excerpt":{"rendered":"<p>Die Meditationen richten sich an Personen, die am Buddhismus interessiert sind, und auch an Personen, die Meditation in einem neutralen Kontext wie Achtsamkeit und mbsr lernen m\u00f6chten.Silvia Engel Mittwoch, 19:00 &#8211; 20:30 Uhr Alle zwei Wochen &#8211; 13-27.01 \/ 10-24.02 \/ 10-24.03 Ablauf : Achtsamkeits Meditation (Shamatha und Vipassana), der Neun-Stufenweg. Meditation und Lehren des [&hellip;]<\/p>\n","protected":false},"author":1,"featured_media":0,"parent":29661,"menu_order":0,"comment_status":"closed","ping_status":"closed","template":"","meta":{"_et_pb_use_builder":"on","_et_pb_old_content":"","_et_gb_content_width":"","footnotes":""},"class_list":["post-29708","page","type-page","status-publish","hentry"],"_links":{"self":[{"href":"https:\/\/www.tendrel.ch\/de\/wp-json\/wp\/v2\/pages\/29708","targetHints":{"allow":["GET"]}}],"collection":[{"href":"https:\/\/www.tendrel.ch\/de\/wp-json\/wp\/v2\/pages"}],"about":[{"href":"https:\/\/www.tendrel.ch\/de\/wp-json\/wp\/v2\/types\/page"}],"author":[{"embeddable":true,"href":"https:\/\/www.tendrel.ch\/de\/wp-json\/wp\/v2\/users\/1"}],"replies":[{"embeddable":true,"href":"https:\/\/www.tendrel.ch\/de\/wp-json\/wp\/v2\/comments?post=29708"}],"version-history":[{"count":21,"href":"https:\/\/www.tendrel.ch\/de\/wp-json\/wp\/v2\/pages\/29708\/revisions"}],"predecessor-version":[{"id":30290,"href":"https:\/\/www.tendrel.ch\/de\/wp-json\/wp\/v2\/pages\/29708\/revisions\/30290"}],"up":[{"embeddable":true,"href":"https:\/\/www.tendrel.ch\/de\/wp-json\/wp\/v2\/pages\/29661"}],"wp:attachment":[{"href":"https:\/\/www.tendrel.ch\/de\/wp-json\/wp\/v2\/media?parent=29708"}],"curies":[{"name":"wp","href":"https:\/\/api.w.org\/{rel}","templated":true}]}}

<p>[et_pb_section fb_built=&#8220;1&#8243; admin_label=&#8220;Header&#8220; _builder_version=&#8220;4.16&#8243; _module_preset=&#8220;default&#8220; background_image=&#8220;https://www.tendrel.ch/wp-content/uploads/2021/04/Tendrel-Bienne-Do-Nga-Chöling-IMG_0398_1-scaled.jpg&#8220; custom_padding=&#8220;||0px||false|false&#8220; global_colors_info=&#8220;{}&#8220;][et_pb_row _builder_version=&#8220;4.16&#8243; _module_preset=&#8220;default&#8220; global_colors_info=&#8220;{}&#8220;][et_pb_column type=&#8220;4_4&#8243; _builder_version=&#8220;4.16&#8243; _module_preset=&#8220;default&#8220; global_colors_info=&#8220;{}&#8220;][et_pb_divider show_divider=&#8220;off&#8220; _builder_version=&#8220;4.16&#8243; _module_preset=&#8220;default&#8220; global_colors_info=&#8220;{}&#8220;][/et_pb_divider][/et_pb_column][/et_pb_row][et_pb_row column_structure=&#8220;1_4,3_4&#8243; _builder_version=&#8220;4.16&#8243; _module_preset=&#8220;default&#8220; custom_margin=&#8220;||||false|false&#8220; custom_padding=&#8220;||0px||false|false&#8220; global_colors_info=&#8220;{}&#8220;][et_pb_column type=&#8220;1_4&#8243; _builder_version=&#8220;4.16&#8243; _module_preset=&#8220;default&#8220; global_colors_info=&#8220;{}&#8220;][/et_pb_column][et_pb_column type=&#8220;3_4&#8243; _builder_version=&#8220;4.16&#8243; _module_preset=&#8220;default&#8220; global_colors_info=&#8220;{}&#8220;][et_pb_post_title meta=&#8220;off&#8220; featured_image=&#8220;off&#8220; _builder_version=&#8220;4.16&#8243; _module_preset=&#8220;default&#8220; title_text_color=&#8220;#FFFFFF&#8220; background_color=&#8220;#CC9933&#8243; custom_padding=&#8220;50px|50px|50px|50px|true|true&#8220; global_colors_info=&#8220;{}&#8220;][/et_pb_post_title][/et_pb_column][/et_pb_row][/et_pb_section][et_pb_section fb_built=&#8220;1&#8243; admin_label=&#8220;CTA&#8220; _builder_version=&#8220;4.16&#8243; _module_preset=&#8220;default&#8220; background_enable_color=&#8220;off&#8220; background_enable_image=&#8220;off&#8220; background_size=&#8220;contain&#8220; locked=&#8220;off&#8220; global_colors_info=&#8220;{}&#8220;][et_pb_row disabled_on=&#8220;off|off|off&#8220; _builder_version=&#8220;4.16&#8243; _module_preset=&#8220;default&#8220; global_colors_info=&#8220;{}&#8220;][et_pb_column type=&#8220;4_4&#8243; _builder_version=&#8220;4.16&#8243; _module_preset=&#8220;default&#8220; global_colors_info=&#8220;{}&#8220;][et_pb_text _builder_version=&#8220;4.17.2&#8243; _module_preset=&#8220;default&#8220; global_colors_info=&#8220;{}&#8220;]</p>
<p style="text-align: center;">Die Meditationen richten sich an Personen, die am Buddhismus interessiert sind, und auch an Personen, die Meditation in einem neutralen Kontext wie Achtsamkeit und mbsr lernen möchten.</p>
<p>[/et_pb_text][et_pb_accordion closed_toggle_text_color=&#8220;#FFFFFF&#8220; closed_toggle_background_color=&#8220;#81013F&#8220; icon_color=&#8220;#FFFFFF&#8220; use_icon_font_size=&#8220;on&#8220; _builder_version=&#8220;4.20.4&#8243; _module_preset=&#8220;default&#8220; toggle_text_color=&#8220;#81013F&#8220; toggle_font=&#8220;|600|||||||&#8220; global_colors_info=&#8220;{}&#8220;][et_pb_accordion_item title=&#8220;MEDITATION &#038; NÖNDRO&#8220; open=&#8220;on&#8220; _builder_version=&#8220;4.18.1&#8243; _module_preset=&#8220;default&#8220; global_colors_info=&#8220;{}&#8220;]</p>
<p><strong>Silvia Engel<br /></strong></p>
<p><strong>Mittwoch, 19:00 &#8211; 20:30 Uhr</strong></p>
<p><strong>Alle zwei Wochen &#8211; 13-27.01 / 10-24.02 / 10-24.03</strong></p>
<p><strong></strong></p>
<h3>Ablauf :</h3>
<ul>
<li>Achtsamkeits Meditation (<a href="https://www.tendrel.ch/de/news/shamatha-und-vipassana/">Shamatha und Vipassana</a>), der <span>Neun-Stufenweg</span>.</li>
<li>Meditation und Lehren des Buddha (<a href="https://www.tendrel.ch/de/news/4-edle-wahrheiten/">4 Edle Wahrheiten, Achtfacher Pfad</a>).</li>
<li>Yidam Meditation <span>(Prajna Paramita. Vajrasattva, Dorje Gothrab,…).</span></li>
</ul>
<p>[/et_pb_accordion_item][et_pb_accordion_item title=&#8220;DIE 5 ELEMENTE  Spiegel unserer Kommunikation und Beziehung zur Welt&#8220; _builder_version=&#8220;4.18.0&#8243; _module_preset=&#8220;default&#8220; global_colors_info=&#8220;{}&#8220; open=&#8220;off&#8220;]</p>
<p>Alte Kulturen wussten um die elementaren und planetarischen Kräfte und der Wirkungsweise der 5 Elemente &#8211; Erde, Wasser, Feuer, Luft und Raum. Diese Energien interagieren in uns selbst und in unserer Beziehung zu anderen. Sie können harmonisch und ausgeglichen sein, aber auch aus dem Gleichgewicht geraten und unser Empfinden verzerren.</p>
<p>Indem wir uns ihre Art zu wirken bewusst machen, lernen wir uns selbst besser kennen, handeln gesünder, im Einklang mit unserer Natur und den Situationen unseres Lebens.</p>
<p>Im Grunde ist es ganz einfach: Wir achten vermehrt auf den gegenwärtigen Augenblick, nehmen unsere tieferen Gefühle achtsam wahr und bleiben dabei zentriert in unserer Mitte.</p>
<p>Geführte Meditationen und Übungen helfen uns, die neuen Erfahrungen zu integrieren.</p>
<p>Zusätzlich besteht die Möglichkeit eines individuellen astrologischen Coachings.</p>
<p>&nbsp;</p>
<p><strong>Ort: Espace Akasa, Untergasse 45, Biel</strong></p>
<p><strong>Daten: Datum folgt</strong><br />5X freitagabends, alle 14 Tage</p>
<p><strong>Zeit: 19:00 bis 21:00 Uhr</strong></p>
<p><strong>Kosten: CHF 175.-</strong><strong> </strong></p>
<p><strong>Kursleitung: Silvia Engel,</strong> diplomiert in MBSR (mindfulness based stress reduction), langjährige Meditationserfahrung in Achtsamkeits &#8211; und buddhistischer Meditation, astrologisches und spirituelles Coaching</p>
<p>Tel: 079 926 57 06<br />Email: silviaengel@bluewin.ch</p>
<p>&nbsp;</p>
<p>[/et_pb_accordion_item][et_pb_accordion_item title=&#8220;MBSR (MINDFULNESS BASED STRESS REDUCTION)&#8220; _builder_version=&#8220;4.20.4&#8243; _module_preset=&#8220;default&#8220; global_colors_info=&#8220;{}&#8220; open=&#8220;off&#8220;]</p>
<div id="cc-m-7709897664" class="j-module n j-header ">
<h3 class="" id="cc-m-header-7709897664"><strong style="font-size: 16px;">Silvia Engel</strong></h3>
</div>
<div id="cc-m-7703425264" class="j-module n j-text ">
<p><strong>8-wöchiger Kurs</strong></p>
<p>Termine: auf Anfrage</p>
<p>&nbsp;</p>
<p>MBRS (Mindfulness Based Stress Reduction) nach Dr. Kabat-Zinn, ist ein Programm, das auf Achtsamkeit beruht. Ihr therapeutisches Ziel ist der Abbau von Stress und die Bewältigung von Symptomen (Angst, Schmerzen, Depressionen, Müdigkeit, &#8230;). Durch die Atmung und verschiedene Körperübungen finden wir zu innerer Ruhe, was die Öffnung des Herzens in einer wohlwollenden Akzeptanz ermöglicht.</p>
<p>&nbsp;</p>
<p><strong>Kosten</strong></p>
<p>620 CHF inklusive eines ganzen Tages (Datum wird noch bekannt gegeben) und Kursmaterial</p>
<p><strong>Anmeldungen und Informationen per E-Mail</strong></p>
<p><a href="mailto:info@tendrel.ch" title="info@tendrel.ch">info@tendrel.ch</a><br /><a href="tel:032%20322%2018%2028">032 322 18 28</a></p>
<p><a href="https://tendrel.ed-com.ch/wp-content/uploads/2022/05/Tendrel-MBSR_A5_web.pdf" target="_blank" rel="noopener"><img loading="lazy" decoding="async" src="https://tendrel.ed-com.ch/wp-content/uploads/2022/05/Tendrel-Bienne-MBSR_Page_2-722x1024.png" width="258" height="366" alt="" class="wp-image-29340 alignnone size-large" style="display: block; margin-left: auto; margin-right: auto;" /></a></p>
</div>
<p>[/et_pb_accordion_item][/et_pb_accordion][/et_pb_column][/et_pb_row][/et_pb_section]</p>

<p>Die Meditationen richten sich an Personen, die am Buddhismus interessiert sind, und auch an Personen, die Meditation in einem neutralen Kontext wie Achtsamkeit und mbsr lernen möchten.Silvia Engel Mittwoch, 19:00 &#8211; 20:30 Uhr Alle zwei Wochen &#8211; 13-27.01 / 10-24.02 / 10-24.03 Ablauf : Achtsamkeits Meditation (Shamatha und Vipassana), der Neun-Stufenweg. Meditation und Lehren des [&hellip;]</p>
